{"id":37733,"date":"2025-11-13T10:56:49","date_gmt":"2025-11-13T09:56:49","guid":{"rendered":"https:\/\/gastronova.eu\/?post_type=product&#038;p=37733"},"modified":"2026-02-10T14:59:57","modified_gmt":"2026-02-10T13:59:57","slug":"box-550-rozsirena-vybava-kopia","status":"publish","type":"product","link":"https:\/\/gastronova.eu\/cs\/produkt\/box-550-rozsirena-vybava-kopia\/","title":{"rendered":"Box 400 &#8211; Roz\u0161\u00ed\u0159en\u00e1 v\u00fdbava"},"content":{"rendered":"\t\t<div data-elementor-type=\"wp-post\" data-elementor-id=\"37733\" class=\"elementor elementor-37733 elementor-37732\" data-elementor-post-type=\"product\">\n\t\t\t\t<div class=\"wd-negative-gap elementor-element elementor-element-ed0adcc e-flex e-con-boxed e-con e-parent\" data-id=\"ed0adcc\" data-element_type=\"container\">\n\t\t\t\t\t<div class=\"e-con-inner\">\n\t\t\t\t<div class=\"elementor-element elementor-element-62ee3d4 elementor-widget elementor-widget-wd_compare_img\" data-id=\"62ee3d4\" data-element_type=\"widget\" data-widget_type=\"wd_compare_img.default\">\n\t\t\t\t<div class=\"elementor-widget-container\">\n\t\t\t\t\t\t\t<div class=\"wd-compare-img-wrapp text-center\">\n\t\t\t<div class=\"wd-compare-img\">\n\t\t\t\t\t\t\t\t<div class=\"wd-after-img\">\n\t\t\t\t\t<img fetchpriority=\"high\" decoding=\"async\" width=\"800\" height=\"600\" src=\"https:\/\/gastronova.eu\/wp-content\/uploads\/2025\/11\/IMG_4646.jpg\" class=\"attachment-full size-full\" alt=\"\" srcset=\"https:\/\/gastronova.eu\/wp-content\/uploads\/2025\/11\/IMG_4646.jpg 800w, https:\/\/gastronova.eu\/wp-content\/uploads\/2025\/11\/IMG_4646-400x300.jpg 400w, https:\/\/gastronova.eu\/wp-content\/uploads\/2025\/11\/IMG_4646-768x576.jpg 768w, https:\/\/gastronova.eu\/wp-content\/uploads\/2025\/11\/IMG_4646-430x323.jpg 430w, https:\/\/gastronova.eu\/wp-content\/uploads\/2025\/11\/IMG_4646-700x525.jpg 700w, https:\/\/gastronova.eu\/wp-content\/uploads\/2025\/11\/IMG_4646-150x113.jpg 150w\" sizes=\"(max-width: 800px) 100vw, 800px\">\t\t\t\t<\/div>\n\t\t\t\t\t\t\t<div class=\"wd-before-img\">\n\t\t\t\t\t<img decoding=\"async\" width=\"1340\" height=\"809\" src=\"https:\/\/gastronova.eu\/wp-content\/uploads\/2025\/11\/Michalikovaci-Box-400-3.jpg\" class=\"attachment-full size-full\" alt=\"\" srcset=\"https:\/\/gastronova.eu\/wp-content\/uploads\/2025\/11\/Michalikovaci-Box-400-3.jpg 1340w, https:\/\/gastronova.eu\/wp-content\/uploads\/2025\/11\/Michalikovaci-Box-400-3-400x241.jpg 400w, https:\/\/gastronova.eu\/wp-content\/uploads\/2025\/11\/Michalikovaci-Box-400-3-1300x785.jpg 1300w, https:\/\/gastronova.eu\/wp-content\/uploads\/2025\/11\/Michalikovaci-Box-400-3-768x464.jpg 768w, https:\/\/gastronova.eu\/wp-content\/uploads\/2025\/11\/Michalikovaci-Box-400-3-430x260.jpg 430w, https:\/\/gastronova.eu\/wp-content\/uploads\/2025\/11\/Michalikovaci-Box-400-3-700x423.jpg 700w, https:\/\/gastronova.eu\/wp-content\/uploads\/2025\/11\/Michalikovaci-Box-400-3-150x91.jpg 150w\" sizes=\"(max-width: 1340px) 100vw, 1340px\">\t\t\t\t<\/div>\n\t\t\t\t\t\t\t<div class=\"wd-compare-img-handle\">\n\t\t\t\t\t<span><\/span>\n\t\t\t\t<\/div>\n\t\t\t<\/div>\n\t\t<\/div>\n\t\t\t\t\t\t<\/div>\n\t\t\t\t<\/div>\n\t\t\t\t\t<\/div>\n\t\t\t\t<\/div>\n\t\t\t\t<\/div>\n\t\t","protected":false},"excerpt":{"rendered":"<p>Box Compact je ide\u00e1ln\u00ed pro ty, kte\u0159\u00ed hledaj\u00ed funk\u010dn\u00ed a cenov\u011b dostupn\u00e9 \u0159e\u0161en\u00ed v mal\u00e9m form\u00e1tu. Tento p\u0159\u00edv\u011bs m\u00e1 jednoduch\u00fd, rovn\u00fd design s ploch\u00fdmi st\u011bnami, kter\u00e9 umo\u017e\u0148uj\u00ed efektivn\u00ed vyu\u017eit\u00ed prostoru i mont\u00e1\u017e vysok\u00fdch za\u0159\u00edzen\u00ed, jako jsou ledni\u010dky nebo k\u00e1vovary. <\/p>\n<p>D\u00edky kompaktn\u00edm rozm\u011br\u016fm je vhodn\u00fd pro <b>kav\u00e1rny, bary, zmrzlinov\u00e9 st\u00e1nky, prosecco koncepty nebo promo \u00fa\u010dely<\/b>, zejm\u00e9na ve m\u011bstech, na trz\u00edch \u010di p\u0159i firemn\u00edch akc\u00edch. Jeho v\u00fdhodou je i n\u00edzk\u00e1 hmotnost a jednodu\u0161\u0161\u00ed p\u0159eprava, co\u017e z n\u011bj d\u011bl\u00e1 praktick\u00fd vstupn\u00ed model do sv\u011bta mobiln\u00ed gastronomie. <\/p>\n<p>Pokud hled\u00e1\u0161 rozumn\u00e9 \u0159e\u0161en\u00ed s maxim\u00e1ln\u00edm vyu\u017eit\u00edm ka\u017ed\u00e9ho centimetru, Box Compact je p\u0159esn\u011b pro tebe.<\/p>\n","protected":false},"featured_media":37893,"comment_status":"open","ping_status":"closed","template":"","meta":[],"product_brand":[],"product_cat":[653,604],"product_tag":[],"class_list":{"0":"post-37733","1":"product","2":"type-product","3":"status-publish","4":"has-post-thumbnail","6":"product_cat-prodane-skladove-kusy","7":"product_cat-skladem","9":"first","10":"instock","11":"sold-individually","12":"shipping-taxable","13":"purchasable","14":"product-type-simple"},"_links":{"self":[{"href":"https:\/\/gastronova.eu\/cs\/wp-json\/wp\/v2\/product\/37733","targetHints":{"allow":["GET"]}}],"collection":[{"href":"https:\/\/gastronova.eu\/cs\/wp-json\/wp\/v2\/product"}],"about":[{"href":"https:\/\/gastronova.eu\/cs\/wp-json\/wp\/v2\/types\/product"}],"replies":[{"embeddable":true,"href":"https:\/\/gastronova.eu\/cs\/wp-json\/wp\/v2\/comments?post=37733"}],"version-history":[{"count":4,"href":"https:\/\/gastronova.eu\/cs\/wp-json\/wp\/v2\/product\/37733\/revisions"}],"predecessor-version":[{"id":40482,"href":"https:\/\/gastronova.eu\/cs\/wp-json\/wp\/v2\/product\/37733\/revisions\/40482"}],"wp:featuredmedia":[{"embeddable":true,"href":"https:\/\/gastronova.eu\/cs\/wp-json\/wp\/v2\/media\/37893"}],"wp:attachment":[{"href":"https:\/\/gastronova.eu\/cs\/wp-json\/wp\/v2\/media?parent=37733"}],"wp:term":[{"taxonomy":"product_brand","embeddable":true,"href":"https:\/\/gastronova.eu\/cs\/wp-json\/wp\/v2\/product_brand?post=37733"},{"taxonomy":"product_cat","embeddable":true,"href":"https:\/\/gastronova.eu\/cs\/wp-json\/wp\/v2\/product_cat?post=37733"},{"taxonomy":"product_tag","embeddable":true,"href":"https:\/\/gastronova.eu\/cs\/wp-json\/wp\/v2\/product_tag?post=37733"}],"curies":[{"name":"wp","href":"https:\/\/api.w.org\/{rel}","templated":true}]}}

Box 400 &#8211; Rozšířená výbava

<p>Box Compact je ideální pro ty, kteří hledají funkční a cenově dostupné řešení v malém formátu. Tento přívěs má jednoduchý, rovný design s plochými stěnami, které umožňují efektivní využití prostoru i montáž vysokých zařízení, jako jsou ledničky nebo kávovary. </p>
<p>Díky kompaktním rozměrům je vhodný pro <b>kavárny, bary, zmrzlinové stánky, prosecco koncepty nebo promo účely</b>, zejména ve městech, na trzích či při firemních akcích. Jeho výhodou je i nízká hmotnost a jednodušší přeprava, což z něj dělá praktický vstupní model do světa mobilní gastronomie. </p>
<p>Pokud hledáš rozumné řešení s maximálním využitím každého centimetru, Box Compact je přesně pro tebe.</p>
