{"id":35594,"date":"2025-05-15T09:19:36","date_gmt":"2025-05-15T07:19:36","guid":{"rendered":"https:\/\/gastronova.eu\/produkt\/kompakt-3\/"},"modified":"2026-02-10T14:56:50","modified_gmt":"2026-02-10T13:56:50","slug":"kompakt-3","status":"publish","type":"product","link":"https:\/\/gastronova.eu\/de\/produkt\/kompakt-3\/","title":{"rendered":"Compact"},"content":{"rendered":"","protected":false},"excerpt":{"rendered":"<p><span style=\"font-weight: 400;\">Der Airstream Compact ist die perfekte Kombination aus ikonischem Design und praktischer Kompaktheit. Dieser Anh\u00e4nger aus Edelstahl Typ 304 ist optisch un\u00fcbersehbar &#8211; die abgerundete Retroform erinnert an den amerikanischen Stil, an den sich die Kunden sofort erinnern werden. Hochwertige Materialien, eine 5 cm dicke Isolierung und hochwertige Verarbeitung machen dieses Modell zu einer ausgezeichneten Wahl f\u00fcr Gesch\u00e4ftsleute, die auf den ersten Blick beeindrucken wollen.  <\/span><\/p>\n<p><span style=\"font-weight: 400;\">Die kompakte Gr\u00f6\u00dfe des Compact ist ideal f\u00fcr kleinere Gastro-Konzepte wie <\/span><b>Caf\u00e9, Bar, Eisdiele, Prosecco-Wagen<\/b><span style=\"font-weight: 400;\">  oder Werbest\u00e4nder. Er ist leichter zu transportieren, nimmt weniger Platz in Anspruch und ist auch dort geeignet, wo der Platz begrenzt ist. <\/span><\/p>\n<p><span style=\"font-weight: 400;\">Wenn Sie auf der Suche nach einer optisch herausragenden L\u00f6sung in einem kleinen Paket sind, ist der Airstream Compact genau das Richtige f\u00fcr Sie.<\/span><\/p>\n","protected":false},"featured_media":33809,"comment_status":"open","ping_status":"closed","template":"","meta":[],"product_brand":[],"product_cat":[487,223],"product_tag":[],"class_list":{"0":"post-35594","1":"product","2":"type-product","3":"status-publish","4":"has-post-thumbnail","6":"product_cat-airstream-de","7":"product_cat-food-truck-de","9":"first","10":"instock","11":"sold-individually","12":"shipping-taxable","13":"purchasable","14":"product-type-variable","15":"has-default-attributes"},"_links":{"self":[{"href":"https:\/\/gastronova.eu\/de\/wp-json\/wp\/v2\/product\/35594","targetHints":{"allow":["GET"]}}],"collection":[{"href":"https:\/\/gastronova.eu\/de\/wp-json\/wp\/v2\/product"}],"about":[{"href":"https:\/\/gastronova.eu\/de\/wp-json\/wp\/v2\/types\/product"}],"replies":[{"embeddable":true,"href":"https:\/\/gastronova.eu\/de\/wp-json\/wp\/v2\/comments?post=35594"}],"version-history":[{"count":2,"href":"https:\/\/gastronova.eu\/de\/wp-json\/wp\/v2\/product\/35594\/revisions"}],"predecessor-version":[{"id":40454,"href":"https:\/\/gastronova.eu\/de\/wp-json\/wp\/v2\/product\/35594\/revisions\/40454"}],"wp:featuredmedia":[{"embeddable":true,"href":"https:\/\/gastronova.eu\/de\/wp-json\/wp\/v2\/media\/33809"}],"wp:attachment":[{"href":"https:\/\/gastronova.eu\/de\/wp-json\/wp\/v2\/media?parent=35594"}],"wp:term":[{"taxonomy":"product_brand","embeddable":true,"href":"https:\/\/gastronova.eu\/de\/wp-json\/wp\/v2\/product_brand?post=35594"},{"taxonomy":"product_cat","embeddable":true,"href":"https:\/\/gastronova.eu\/de\/wp-json\/wp\/v2\/product_cat?post=35594"},{"taxonomy":"product_tag","embeddable":true,"href":"https:\/\/gastronova.eu\/de\/wp-json\/wp\/v2\/product_tag?post=35594"}],"curies":[{"name":"wp","href":"https:\/\/api.w.org\/{rel}","templated":true}]}}

<p><span style="font-weight: 400;">Der Airstream Compact ist die perfekte Kombination aus ikonischem Design und praktischer Kompaktheit. Dieser Anhänger aus Edelstahl Typ 304 ist optisch unübersehbar &#8211; die abgerundete Retroform erinnert an den amerikanischen Stil, an den sich die Kunden sofort erinnern werden. Hochwertige Materialien, eine 5 cm dicke Isolierung und hochwertige Verarbeitung machen dieses Modell zu einer ausgezeichneten Wahl für Geschäftsleute, die auf den ersten Blick beeindrucken wollen.  </span></p>
<p><span style="font-weight: 400;">Die kompakte Größe des Compact ist ideal für kleinere Gastro-Konzepte wie </span><b>Café, Bar, Eisdiele, Prosecco-Wagen</b><span style="font-weight: 400;">  oder Werbeständer. Er ist leichter zu transportieren, nimmt weniger Platz in Anspruch und ist auch dort geeignet, wo der Platz begrenzt ist. </span></p>
<p><span style="font-weight: 400;">Wenn Sie auf der Suche nach einer optisch herausragenden Lösung in einem kleinen Paket sind, ist der Airstream Compact genau das Richtige für Sie.</span></p>
