{"id":37734,"date":"2025-11-13T10:56:49","date_gmt":"2025-11-13T09:56:49","guid":{"rendered":"https:\/\/gastronova.eu\/?post_type=product&#038;p=37734"},"modified":"2026-02-10T14:56:38","modified_gmt":"2026-02-10T13:56:38","slug":"airstream-compact-400-standard-kopia-kopia","status":"publish","type":"product","link":"https:\/\/gastronova.eu\/de\/produkt\/airstream-compact-400-standard-kopia-kopia\/","title":{"rendered":"Box 400 &#8211; Erweiterte Ausstattung"},"content":{"rendered":"\t\t<div data-elementor-type=\"wp-post\" data-elementor-id=\"37734\" class=\"elementor elementor-37734 elementor-37732\" data-elementor-post-type=\"product\">\n\t\t\t\t<div class=\"wd-negative-gap elementor-element elementor-element-ed0adcc e-flex e-con-boxed e-con e-parent\" data-id=\"ed0adcc\" data-element_type=\"container\">\n\t\t\t\t\t<div class=\"e-con-inner\">\n\t\t\t\t<div class=\"elementor-element elementor-element-62ee3d4 elementor-widget elementor-widget-wd_compare_img\" data-id=\"62ee3d4\" data-element_type=\"widget\" data-widget_type=\"wd_compare_img.default\">\n\t\t\t\t<div class=\"elementor-widget-container\">\n\t\t\t\t\t\t\t<div class=\"wd-compare-img-wrapp text-center\">\n\t\t\t<div class=\"wd-compare-img\">\n\t\t\t\t\t\t\t\t<div class=\"wd-after-img\">\n\t\t\t\t\t<img fetchpriority=\"high\" decoding=\"async\" width=\"800\" height=\"600\" src=\"https:\/\/gastronova.eu\/wp-content\/uploads\/2025\/11\/IMG_4646.jpg\" class=\"attachment-full size-full\" alt=\"\" srcset=\"https:\/\/gastronova.eu\/wp-content\/uploads\/2025\/11\/IMG_4646.jpg 800w, https:\/\/gastronova.eu\/wp-content\/uploads\/2025\/11\/IMG_4646-400x300.jpg 400w, https:\/\/gastronova.eu\/wp-content\/uploads\/2025\/11\/IMG_4646-768x576.jpg 768w, https:\/\/gastronova.eu\/wp-content\/uploads\/2025\/11\/IMG_4646-430x323.jpg 430w, https:\/\/gastronova.eu\/wp-content\/uploads\/2025\/11\/IMG_4646-700x525.jpg 700w, https:\/\/gastronova.eu\/wp-content\/uploads\/2025\/11\/IMG_4646-150x113.jpg 150w\" sizes=\"(max-width: 800px) 100vw, 800px\">\t\t\t\t<\/div>\n\t\t\t\t\t\t\t<div class=\"wd-before-img\">\n\t\t\t\t\t<img decoding=\"async\" width=\"1340\" height=\"809\" src=\"https:\/\/gastronova.eu\/wp-content\/uploads\/2025\/11\/Michalikovaci-Box-400-3.jpg\" class=\"attachment-full size-full\" alt=\"\" srcset=\"https:\/\/gastronova.eu\/wp-content\/uploads\/2025\/11\/Michalikovaci-Box-400-3.jpg 1340w, https:\/\/gastronova.eu\/wp-content\/uploads\/2025\/11\/Michalikovaci-Box-400-3-400x241.jpg 400w, https:\/\/gastronova.eu\/wp-content\/uploads\/2025\/11\/Michalikovaci-Box-400-3-1300x785.jpg 1300w, https:\/\/gastronova.eu\/wp-content\/uploads\/2025\/11\/Michalikovaci-Box-400-3-768x464.jpg 768w, https:\/\/gastronova.eu\/wp-content\/uploads\/2025\/11\/Michalikovaci-Box-400-3-430x260.jpg 430w, https:\/\/gastronova.eu\/wp-content\/uploads\/2025\/11\/Michalikovaci-Box-400-3-700x423.jpg 700w, https:\/\/gastronova.eu\/wp-content\/uploads\/2025\/11\/Michalikovaci-Box-400-3-150x91.jpg 150w\" sizes=\"(max-width: 1340px) 100vw, 1340px\">\t\t\t\t<\/div>\n\t\t\t\t\t\t\t<div class=\"wd-compare-img-handle\">\n\t\t\t\t\t<span><\/span>\n\t\t\t\t<\/div>\n\t\t\t<\/div>\n\t\t<\/div>\n\t\t\t\t\t\t<\/div>\n\t\t\t\t<\/div>\n\t\t\t\t\t<\/div>\n\t\t\t\t<\/div>\n\t\t\t\t<\/div>\n\t\t","protected":false},"excerpt":{"rendered":"<p>Der Box Compact ist ideal f\u00fcr alle, die eine funktionale und preiswerte L\u00f6sung im Kleinformat suchen. Dieser Anh\u00e4nger hat ein einfaches, geradliniges Design mit flachen W\u00e4nden, die eine effiziente Raumnutzung und die Montage hoher Ger\u00e4te wie K\u00fchlschr\u00e4nke oder Kaffeemaschinen erm\u00f6glichen. <\/p>\n<p>Dank seiner kompakten Abmessungen eignet er sich f\u00fcr <b>Caf\u00e9s, Bars, Eisst\u00e4nde, Prosecco-Konzepte oder Promotionzwecke<\/b>, insbesondere in St\u00e4dten, auf M\u00e4rkten oder bei Firmenevents. Sein Vorteil ist auch das geringe Gewicht und der einfachere Transport, was ihn zu einem praktischen Einstiegsmodell in die Welt der mobilen Gastronomie macht. <\/p>\n<p>Wenn Sie eine vern\u00fcnftige L\u00f6sung mit maximaler Nutzung jedes Zentimeters suchen, ist der Box Compact genau das Richtige f\u00fcr Sie.<\/p>\n","protected":false},"featured_media":37895,"comment_status":"open","ping_status":"closed","template":"","meta":[],"product_brand":[],"product_cat":[648,582],"product_tag":[],"class_list":{"0":"post-37734","1":"product","2":"type-product","3":"status-publish","4":"has-post-thumbnail","6":"product_cat-verkaufte-lagerartikel","7":"product_cat-vorratig","9":"first","10":"instock","11":"sold-individually","12":"shipping-taxable","13":"purchasable","14":"product-type-simple"},"_links":{"self":[{"href":"https:\/\/gastronova.eu\/de\/wp-json\/wp\/v2\/product\/37734","targetHints":{"allow":["GET"]}}],"collection":[{"href":"https:\/\/gastronova.eu\/de\/wp-json\/wp\/v2\/product"}],"about":[{"href":"https:\/\/gastronova.eu\/de\/wp-json\/wp\/v2\/types\/product"}],"replies":[{"embeddable":true,"href":"https:\/\/gastronova.eu\/de\/wp-json\/wp\/v2\/comments?post=37734"}],"version-history":[{"count":4,"href":"https:\/\/gastronova.eu\/de\/wp-json\/wp\/v2\/product\/37734\/revisions"}],"predecessor-version":[{"id":40449,"href":"https:\/\/gastronova.eu\/de\/wp-json\/wp\/v2\/product\/37734\/revisions\/40449"}],"wp:featuredmedia":[{"embeddable":true,"href":"https:\/\/gastronova.eu\/de\/wp-json\/wp\/v2\/media\/37895"}],"wp:attachment":[{"href":"https:\/\/gastronova.eu\/de\/wp-json\/wp\/v2\/media?parent=37734"}],"wp:term":[{"taxonomy":"product_brand","embeddable":true,"href":"https:\/\/gastronova.eu\/de\/wp-json\/wp\/v2\/product_brand?post=37734"},{"taxonomy":"product_cat","embeddable":true,"href":"https:\/\/gastronova.eu\/de\/wp-json\/wp\/v2\/product_cat?post=37734"},{"taxonomy":"product_tag","embeddable":true,"href":"https:\/\/gastronova.eu\/de\/wp-json\/wp\/v2\/product_tag?post=37734"}],"curies":[{"name":"wp","href":"https:\/\/api.w.org\/{rel}","templated":true}]}}

<p>Der Box Compact ist ideal für alle, die eine funktionale und preiswerte Lösung im Kleinformat suchen. Dieser Anhänger hat ein einfaches, geradliniges Design mit flachen Wänden, die eine effiziente Raumnutzung und die Montage hoher Geräte wie Kühlschränke oder Kaffeemaschinen ermöglichen. </p>
<p>Dank seiner kompakten Abmessungen eignet er sich für <b>Cafés, Bars, Eisstände, Prosecco-Konzepte oder Promotionzwecke</b>, insbesondere in Städten, auf Märkten oder bei Firmenevents. Sein Vorteil ist auch das geringe Gewicht und der einfachere Transport, was ihn zu einem praktischen Einstiegsmodell in die Welt der mobilen Gastronomie macht. </p>
<p>Wenn Sie eine vernünftige Lösung mit maximaler Nutzung jedes Zentimeters suchen, ist der Box Compact genau das Richtige für Sie.</p>
