{"id":34591,"date":"2025-05-28T15:20:37","date_gmt":"2025-05-28T13:20:37","guid":{"rendered":"https:\/\/gastronova.eu\/produkt\/kompakt\/"},"modified":"2025-05-28T15:20:37","modified_gmt":"2025-05-28T13:20:37","slug":"kompakt","status":"publish","type":"product","link":"https:\/\/gastronova.eu\/hu\/produkt\/kompakt\/","title":{"rendered":"Kompakt"},"content":{"rendered":"","protected":false},"excerpt":{"rendered":"<p><span style=\"font-weight: 400;\">A Box Compact ide\u00e1lis azok sz\u00e1m\u00e1ra, akik funkcion\u00e1lis \u00e9s megfizethet\u0151 megold\u00e1st keresnek kis m\u00e9retben. Ez az ut\u00e1nfut\u00f3 egyszer\u0171, egyenes kialak\u00edt\u00e1s\u00fa, lapos falakkal rendelkezik, amelyek lehet\u0151v\u00e9 teszik mind a hat\u00e9kony helykihaszn\u00e1l\u00e1st, mind a magas berendez\u00e9sek, p\u00e9ld\u00e1ul h\u0171t\u0151szekr\u00e9nyek vagy k\u00e1v\u00e9f\u0151z\u0151k felszerel\u00e9s\u00e9t. <\/span><\/p>\n<p><span style=\"font-weight: 400;\">Kompakt m\u00e9reteinek k\u00f6sz\u00f6nhet\u0151en alkalmas a k\u00f6vetkez\u0151kre <\/span><b>k\u00e1v\u00e9z\u00f3k, b\u00e1rok, fagylaltos standok, prosecco koncepci\u00f3k vagy prom\u00f3ci\u00f3s c\u00e9lokra.<\/b><span style=\"font-weight: 400;\">, k\u00fcl\u00f6n\u00f6sen v\u00e1rosokban, piacokon vagy v\u00e1llalati rendezv\u00e9nyeken. El\u0151nye tov\u00e1bb\u00e1 a k\u00f6nny\u0171 s\u00falya \u00e9s a k\u00f6nnyebb sz\u00e1ll\u00edt\u00e1sa, ami praktikus bel\u00e9p\u0151modell\u00e9 teszi a mobil gasztron\u00f3mia vil\u00e1g\u00e1ba. <\/span><\/p>\n<p><span style=\"font-weight: 400;\">Ha olyan \u00e9sszer\u0171 megold\u00e1st keres, amely minden centim\u00e9tert a lehet\u0151 legjobban kihaszn\u00e1l, a Box Compact az \u00d6n sz\u00e1m\u00e1ra k\u00e9sz\u00fclt.<\/span><\/p>\n","protected":false},"featured_media":34030,"comment_status":"open","ping_status":"closed","template":"","meta":[],"product_brand":[],"product_cat":[343,224],"product_tag":[],"class_list":{"0":"post-34591","1":"product","2":"type-product","3":"status-publish","4":"has-post-thumbnail","6":"product_cat-box-hu","7":"product_cat-food-truck-de","9":"first","10":"instock","11":"sold-individually","12":"shipping-taxable","13":"purchasable","14":"product-type-variable","15":"has-default-attributes"},"_links":{"self":[{"href":"https:\/\/gastronova.eu\/hu\/wp-json\/wp\/v2\/product\/34591","targetHints":{"allow":["GET"]}}],"collection":[{"href":"https:\/\/gastronova.eu\/hu\/wp-json\/wp\/v2\/product"}],"about":[{"href":"https:\/\/gastronova.eu\/hu\/wp-json\/wp\/v2\/types\/product"}],"replies":[{"embeddable":true,"href":"https:\/\/gastronova.eu\/hu\/wp-json\/wp\/v2\/comments?post=34591"}],"version-history":[{"count":0,"href":"https:\/\/gastronova.eu\/hu\/wp-json\/wp\/v2\/product\/34591\/revisions"}],"wp:featuredmedia":[{"embeddable":true,"href":"https:\/\/gastronova.eu\/hu\/wp-json\/wp\/v2\/media\/34030"}],"wp:attachment":[{"href":"https:\/\/gastronova.eu\/hu\/wp-json\/wp\/v2\/media?parent=34591"}],"wp:term":[{"taxonomy":"product_brand","embeddable":true,"href":"https:\/\/gastronova.eu\/hu\/wp-json\/wp\/v2\/product_brand?post=34591"},{"taxonomy":"product_cat","embeddable":true,"href":"https:\/\/gastronova.eu\/hu\/wp-json\/wp\/v2\/product_cat?post=34591"},{"taxonomy":"product_tag","embeddable":true,"href":"https:\/\/gastronova.eu\/hu\/wp-json\/wp\/v2\/product_tag?post=34591"}],"curies":[{"name":"wp","href":"https:\/\/api.w.org\/{rel}","templated":true}]}}

<p><span style="font-weight: 400;">A Box Compact ideális azok számára, akik funkcionális és megfizethető megoldást keresnek kis méretben. Ez az utánfutó egyszerű, egyenes kialakítású, lapos falakkal rendelkezik, amelyek lehetővé teszik mind a hatékony helykihasználást, mind a magas berendezések, például hűtőszekrények vagy kávéfőzők felszerelését. </span></p>
<p><span style="font-weight: 400;">Kompakt méreteinek köszönhetően alkalmas a következőkre </span><b>kávézók, bárok, fagylaltos standok, prosecco koncepciók vagy promóciós célokra.</b><span style="font-weight: 400;">, különösen városokban, piacokon vagy vállalati rendezvényeken. Előnye továbbá a könnyű súlya és a könnyebb szállítása, ami praktikus belépőmodellé teszi a mobil gasztronómia világába. </span></p>
<p><span style="font-weight: 400;">Ha olyan ésszerű megoldást keres, amely minden centimétert a lehető legjobban kihasznál, a Box Compact az Ön számára készült.</span></p>
