{"id":35243,"date":"2025-05-28T14:01:48","date_gmt":"2025-05-28T12:01:48","guid":{"rendered":"https:\/\/gastronova.eu\/produkt\/kompakt-2\/"},"modified":"2025-05-28T14:01:48","modified_gmt":"2025-05-28T12:01:48","slug":"kompakt-2","status":"publish","type":"product","link":"https:\/\/gastronova.eu\/hu\/produkt\/kompakt-2\/","title":{"rendered":"Kompakt"},"content":{"rendered":"","protected":false},"excerpt":{"rendered":"<p><span style=\"font-weight: 400;\">A Rounder Compact ide\u00e1lis azok sz\u00e1m\u00e1ra, akik a lehet\u0151 legegyszer\u0171bb bel\u00e9p\u00e9st keresik a mobil gasztron\u00f3mia vil\u00e1g\u00e1ba. K\u00f6nny\u0171 \u00fcvegsz\u00e1las konstrukci\u00f3val \u00e9s kevesebb, mint   <\/span><b>750 kg<\/b><span style=\"font-weight: 400;\"> norm\u00e1l csoportos jogos\u00edtv\u00e1nnyal vontathat\u00f3 <\/span><b>B<\/b><span style=\"font-weight: 400;\"> &#8211; tov\u00e1bbi enged\u00e9lyek vagy speci\u00e1lis j\u00e1rm\u0171 haszn\u00e1lata n\u00e9lk\u00fcl.<\/span><\/p>\n<p><span style=\"font-weight: 400;\">A lekerek\u00edtett kialak\u00edt\u00e1s szemet gy\u00f6ny\u00f6rk\u00f6dtet\u0151, mik\u00f6zben biztos\u00edtja az aerodinamik\u00e1t \u00e9s a k\u00f6nnyebb kezelhet\u0151s\u00e9get. Ez a modell ide\u00e1lis   <\/span><b>fagylalt, k\u00e1v\u00e9, italok, prosecco, prom\u00f3ci\u00f3s standok vagy kisebb street food projektek<\/b><span style=\"font-weight: 400;\">amelyek gyakran kisebb helyeken mozognak \u00e9s m\u0171k\u00f6dnek.<\/span><\/p>\n<p><span style=\"font-weight: 400;\">Ha egy vizu\u00e1lisan tetszet\u0151s, k\u00f6nny\u0171 \u00e9s praktikus ut\u00e1nfut\u00f3t keres a bonyolults\u00e1g n\u00e9lk\u00fcl, a Rounder Compact remek v\u00e1laszt\u00e1s.<\/span><\/p>\n","protected":false},"featured_media":34026,"comment_status":"open","ping_status":"closed","template":"","meta":[],"product_brand":[],"product_cat":[354,224],"product_tag":[],"class_list":{"0":"post-35243","1":"product","2":"type-product","3":"status-publish","4":"has-post-thumbnail","6":"product_cat-rounder-hu","7":"product_cat-food-truck-de","9":"first","10":"instock","11":"sold-individually","12":"shipping-taxable","13":"purchasable","14":"product-type-variable","15":"has-default-attributes"},"_links":{"self":[{"href":"https:\/\/gastronova.eu\/hu\/wp-json\/wp\/v2\/product\/35243","targetHints":{"allow":["GET"]}}],"collection":[{"href":"https:\/\/gastronova.eu\/hu\/wp-json\/wp\/v2\/product"}],"about":[{"href":"https:\/\/gastronova.eu\/hu\/wp-json\/wp\/v2\/types\/product"}],"replies":[{"embeddable":true,"href":"https:\/\/gastronova.eu\/hu\/wp-json\/wp\/v2\/comments?post=35243"}],"version-history":[{"count":0,"href":"https:\/\/gastronova.eu\/hu\/wp-json\/wp\/v2\/product\/35243\/revisions"}],"wp:featuredmedia":[{"embeddable":true,"href":"https:\/\/gastronova.eu\/hu\/wp-json\/wp\/v2\/media\/34026"}],"wp:attachment":[{"href":"https:\/\/gastronova.eu\/hu\/wp-json\/wp\/v2\/media?parent=35243"}],"wp:term":[{"taxonomy":"product_brand","embeddable":true,"href":"https:\/\/gastronova.eu\/hu\/wp-json\/wp\/v2\/product_brand?post=35243"},{"taxonomy":"product_cat","embeddable":true,"href":"https:\/\/gastronova.eu\/hu\/wp-json\/wp\/v2\/product_cat?post=35243"},{"taxonomy":"product_tag","embeddable":true,"href":"https:\/\/gastronova.eu\/hu\/wp-json\/wp\/v2\/product_tag?post=35243"}],"curies":[{"name":"wp","href":"https:\/\/api.w.org\/{rel}","templated":true}]}}

<p><span style="font-weight: 400;">A Rounder Compact ideális azok számára, akik a lehető legegyszerűbb belépést keresik a mobil gasztronómia világába. Könnyű üvegszálas konstrukcióval és kevesebb, mint   </span><b>750 kg</b><span style="font-weight: 400;"> normál csoportos jogosítvánnyal vontatható </span><b>B</b><span style="font-weight: 400;"> &#8211; további engedélyek vagy speciális jármű használata nélkül.</span></p>
<p><span style="font-weight: 400;">A lekerekített kialakítás szemet gyönyörködtető, miközben biztosítja az aerodinamikát és a könnyebb kezelhetőséget. Ez a modell ideális   </span><b>fagylalt, kávé, italok, prosecco, promóciós standok vagy kisebb street food projektek</b><span style="font-weight: 400;">amelyek gyakran kisebb helyeken mozognak és működnek.</span></p>
<p><span style="font-weight: 400;">Ha egy vizuálisan tetszetős, könnyű és praktikus utánfutót keres a bonyolultság nélkül, a Rounder Compact remek választás.</span></p>
