{"id":35641,"date":"2025-05-16T17:05:40","date_gmt":"2025-05-16T15:05:40","guid":{"rendered":"https:\/\/gastronova.eu\/produkt\/kozepes-3\/"},"modified":"2025-05-16T17:05:40","modified_gmt":"2025-05-16T15:05:40","slug":"kozepes-3","status":"publish","type":"product","link":"https:\/\/gastronova.eu\/hu\/produkt\/kozepes-3\/","title":{"rendered":"K\u00f6zepes"},"content":{"rendered":"","protected":false},"excerpt":{"rendered":"<p><span style=\"font-weight: 400;\">Az Airstream Medium ikonikus megjelen\u00e9st \u00e9s jellegzetes t\u00e9rkomfortot k\u00edn\u00e1l egyben. 304 t\u00edpus\u00fa rozsdamentes ac\u00e9lb\u00f3l k\u00e9sz\u00fclt, \u00e9s kiv\u00e1l\u00f3 szigetel\u00e9ssel \u00e9s pr\u00e9mium kivitelez\u00e9ssel egyar\u00e1nt rendelkezik. Ez a modell az Airstream t\u00edpusunk k\u00f6zepes m\u00e9ret\u0171 v\u00e1ltozata &#8211; az eleg\u00e1ns megjelen\u00e9st a hat\u00e9kony m\u0171k\u00f6d\u00e9shez sz\u00fcks\u00e9ges funkcion\u00e1lis t\u00e9rrel \u00f6tv\u00f6zi.  <\/span><\/p>\n<p><span style=\"font-weight: 400;\">A Medium modell ide\u00e1lis a k\u00f6vetkez\u0151kh\u00f6z <\/span><b>street food, bisztr\u00f3k, k\u00e1v\u00e9z\u00f3k vagy kisebb \u00e9ttermek sz\u00e1m\u00e1ra<\/b><span style=\"font-weight: 400;\">amelyeknek t\u00f6bb \u00fcgyfelet kell kiszolg\u00e1lniuk, de meg akarj\u00e1k \u0151rizni a mobilit\u00e1st \u00e9s a k\u00f6nny\u0171 sz\u00e1ll\u00edt\u00e1st. T\u00f6bb helyet k\u00edn\u00e1l a szem\u00e9lyzet, a k\u00e9szletek \u00e9s a berendez\u00e9sek sz\u00e1m\u00e1ra, n\u00f6velve a hat\u00e9konys\u00e1got \u00e9s az \u00e9rt\u00e9kes\u00edt\u00e9si kapacit\u00e1st. <\/span><\/p>\n<p><span style=\"font-weight: 400;\">Az Airstream Medium a t\u00f6k\u00e9letes kompromisszum a m\u00e9ret, a teljes\u00edtm\u00e9ny \u00e9s a st\u00edlus k\u00f6z\u00f6tt.<\/span><\/p>\n","protected":false},"featured_media":33814,"comment_status":"open","ping_status":"closed","template":"","meta":[],"product_brand":[],"product_cat":[497,224],"product_tag":[],"class_list":{"0":"post-35641","1":"product","2":"type-product","3":"status-publish","4":"has-post-thumbnail","6":"product_cat-airstream-hu","7":"product_cat-food-truck-de","9":"first","10":"instock","11":"sold-individually","12":"shipping-taxable","13":"purchasable","14":"product-type-variable","15":"has-default-attributes"},"_links":{"self":[{"href":"https:\/\/gastronova.eu\/hu\/wp-json\/wp\/v2\/product\/35641","targetHints":{"allow":["GET"]}}],"collection":[{"href":"https:\/\/gastronova.eu\/hu\/wp-json\/wp\/v2\/product"}],"about":[{"href":"https:\/\/gastronova.eu\/hu\/wp-json\/wp\/v2\/types\/product"}],"replies":[{"embeddable":true,"href":"https:\/\/gastronova.eu\/hu\/wp-json\/wp\/v2\/comments?post=35641"}],"version-history":[{"count":0,"href":"https:\/\/gastronova.eu\/hu\/wp-json\/wp\/v2\/product\/35641\/revisions"}],"wp:featuredmedia":[{"embeddable":true,"href":"https:\/\/gastronova.eu\/hu\/wp-json\/wp\/v2\/media\/33814"}],"wp:attachment":[{"href":"https:\/\/gastronova.eu\/hu\/wp-json\/wp\/v2\/media?parent=35641"}],"wp:term":[{"taxonomy":"product_brand","embeddable":true,"href":"https:\/\/gastronova.eu\/hu\/wp-json\/wp\/v2\/product_brand?post=35641"},{"taxonomy":"product_cat","embeddable":true,"href":"https:\/\/gastronova.eu\/hu\/wp-json\/wp\/v2\/product_cat?post=35641"},{"taxonomy":"product_tag","embeddable":true,"href":"https:\/\/gastronova.eu\/hu\/wp-json\/wp\/v2\/product_tag?post=35641"}],"curies":[{"name":"wp","href":"https:\/\/api.w.org\/{rel}","templated":true}]}}

Közepes

<p><span style="font-weight: 400;">Az Airstream Medium ikonikus megjelenést és jellegzetes térkomfortot kínál egyben. 304 típusú rozsdamentes acélból készült, és kiváló szigeteléssel és prémium kivitelezéssel egyaránt rendelkezik. Ez a modell az Airstream típusunk közepes méretű változata &#8211; az elegáns megjelenést a hatékony működéshez szükséges funkcionális térrel ötvözi.  </span></p>
<p><span style="font-weight: 400;">A Medium modell ideális a következőkhöz </span><b>street food, bisztrók, kávézók vagy kisebb éttermek számára</b><span style="font-weight: 400;">amelyeknek több ügyfelet kell kiszolgálniuk, de meg akarják őrizni a mobilitást és a könnyű szállítást. Több helyet kínál a személyzet, a készletek és a berendezések számára, növelve a hatékonyságot és az értékesítési kapacitást. </span></p>
<p><span style="font-weight: 400;">Az Airstream Medium a tökéletes kompromisszum a méret, a teljesítmény és a stílus között.</span></p>
