{"id":36936,"date":"2025-09-09T18:09:25","date_gmt":"2025-09-09T16:09:25","guid":{"rendered":"https:\/\/gastronova.eu\/?post_type=product&#038;p=36936"},"modified":"2026-02-10T14:57:51","modified_gmt":"2026-02-10T13:57:51","slug":"kompakt-kopia-kopia","status":"publish","type":"product","link":"https:\/\/gastronova.eu\/hu\/produkt\/kompakt-kopia-kopia\/","title":{"rendered":"Airstream Compact 400 Standard"},"content":{"rendered":"","protected":false},"excerpt":{"rendered":"<p><span style=\"font-weight: 400;\">Az Airstream Compact az ikonikus diz\u00e1jn \u00e9s a praktikus t\u00f6m\u00f6rs\u00e9g t\u00f6k\u00e9letes kombin\u00e1ci\u00f3ja. Ez a 304-es t\u00edpus\u00fa rozsdamentes ac\u00e9lb\u00f3l k\u00e9sz\u00fclt p\u00f3tkocsi vizu\u00e1lisan kihagyhatatlan &#8211; a lekerek\u00edtett retro forma olyan amerikai st\u00edlust id\u00e9z, amelyre az \u00fcgyfelek azonnal eml\u00e9kezni fognak. A pr\u00e9mium min\u0151s\u00e9g\u0171 anyagok, az 5 cm-es szigetel\u00e9s \u00e9s a min\u0151s\u00e9gi kivitelez\u00e9s miatt ez a modell kiv\u00e1l\u00f3 v\u00e1laszt\u00e1s azoknak az \u00fczlettulajdonosoknak, akik els\u0151 l\u00e1t\u00e1sra leny\u0171g\u00f6zni akarnak.  <\/span><\/p>\n<p><span style=\"font-weight: 400;\">A Compact kompakt m\u00e9rete ide\u00e1lis kisebb gasztrokoncepci\u00f3khoz, mint pl. <\/span><b>k\u00e1v\u00e9z\u00f3, b\u00e1r, fagylaltoz\u00f3, prosecco kocsi<\/b><span style=\"font-weight: 400;\">  vagy prom\u00f3ci\u00f3s standok. K\u00f6nnyebben sz\u00e1ll\u00edthat\u00f3, kevesebb helyet foglal, \u00e9s ott is alkalmas, ahol kev\u00e9s a hely. <\/span><\/p>\n<p><span style=\"font-weight: 400;\">Ha kis m\u00e9retben, vizu\u00e1lisan kiemelked\u0151 megold\u00e1st keres, az Airstream Compact pontosan az, amire sz\u00fcks\u00e9ge van.<\/span><\/p>\n","protected":false},"featured_media":37375,"comment_status":"open","ping_status":"closed","template":"","meta":[],"product_brand":[],"product_cat":[649,571],"product_tag":[],"class_list":{"0":"post-36936","1":"product","2":"type-product","3":"status-publish","4":"has-post-thumbnail","6":"product_cat-eladott-raktari-darabok","7":"product_cat-keszleten","9":"first","10":"instock","11":"sold-individually","12":"shipping-taxable","13":"purchasable","14":"product-type-simple"},"_links":{"self":[{"href":"https:\/\/gastronova.eu\/hu\/wp-json\/wp\/v2\/product\/36936","targetHints":{"allow":["GET"]}}],"collection":[{"href":"https:\/\/gastronova.eu\/hu\/wp-json\/wp\/v2\/product"}],"about":[{"href":"https:\/\/gastronova.eu\/hu\/wp-json\/wp\/v2\/types\/product"}],"replies":[{"embeddable":true,"href":"https:\/\/gastronova.eu\/hu\/wp-json\/wp\/v2\/comments?post=36936"}],"version-history":[{"count":2,"href":"https:\/\/gastronova.eu\/hu\/wp-json\/wp\/v2\/product\/36936\/revisions"}],"predecessor-version":[{"id":37155,"href":"https:\/\/gastronova.eu\/hu\/wp-json\/wp\/v2\/product\/36936\/revisions\/37155"}],"wp:featuredmedia":[{"embeddable":true,"href":"https:\/\/gastronova.eu\/hu\/wp-json\/wp\/v2\/media\/37375"}],"wp:attachment":[{"href":"https:\/\/gastronova.eu\/hu\/wp-json\/wp\/v2\/media?parent=36936"}],"wp:term":[{"taxonomy":"product_brand","embeddable":true,"href":"https:\/\/gastronova.eu\/hu\/wp-json\/wp\/v2\/product_brand?post=36936"},{"taxonomy":"product_cat","embeddable":true,"href":"https:\/\/gastronova.eu\/hu\/wp-json\/wp\/v2\/product_cat?post=36936"},{"taxonomy":"product_tag","embeddable":true,"href":"https:\/\/gastronova.eu\/hu\/wp-json\/wp\/v2\/product_tag?post=36936"}],"curies":[{"name":"wp","href":"https:\/\/api.w.org\/{rel}","templated":true}]}}

<p><span style="font-weight: 400;">Az Airstream Compact az ikonikus dizájn és a praktikus tömörség tökéletes kombinációja. Ez a 304-es típusú rozsdamentes acélból készült pótkocsi vizuálisan kihagyhatatlan &#8211; a lekerekített retro forma olyan amerikai stílust idéz, amelyre az ügyfelek azonnal emlékezni fognak. A prémium minőségű anyagok, az 5 cm-es szigetelés és a minőségi kivitelezés miatt ez a modell kiváló választás azoknak az üzlettulajdonosoknak, akik első látásra lenyűgözni akarnak.  </span></p>
<p><span style="font-weight: 400;">A Compact kompakt mérete ideális kisebb gasztrokoncepciókhoz, mint pl. </span><b>kávézó, bár, fagylaltozó, prosecco kocsi</b><span style="font-weight: 400;">  vagy promóciós standok. Könnyebben szállítható, kevesebb helyet foglal, és ott is alkalmas, ahol kevés a hely. </span></p>
<p><span style="font-weight: 400;">Ha kis méretben, vizuálisan kiemelkedő megoldást keres, az Airstream Compact pontosan az, amire szüksége van.</span></p>
