{"id":37903,"date":"2025-11-13T13:43:20","date_gmt":"2025-11-13T12:43:20","guid":{"rendered":"https:\/\/gastronova.eu\/?post_type=product&#038;p=37903"},"modified":"2026-02-10T14:59:50","modified_gmt":"2026-02-10T13:59:50","slug":"airstream-compact-400-standard-kopia-2","status":"publish","type":"product","link":"https:\/\/gastronova.eu\/hu\/produkt\/airstream-compact-400-standard-kopia-2\/","title":{"rendered":"Airstream Medium 580 B\u0151v\u00edtett"},"content":{"rendered":"\t\t<div data-elementor-type=\"wp-post\" data-elementor-id=\"37903\" class=\"elementor elementor-37903 elementor-37899\" data-elementor-post-type=\"product\">\n\t\t\t\t<div class=\"wd-negative-gap elementor-element elementor-element-c25d18a e-flex e-con-boxed e-con e-parent\" data-id=\"c25d18a\" data-element_type=\"container\">\n\t\t\t\t\t<div class=\"e-con-inner\">\n\t\t\t\t<div class=\"elementor-element elementor-element-b656ca7 elementor-widget elementor-widget-wd_compare_img\" data-id=\"b656ca7\" data-element_type=\"widget\" data-widget_type=\"wd_compare_img.default\">\n\t\t\t\t<div class=\"elementor-widget-container\">\n\t\t\t\t\t\t\t<div class=\"wd-compare-img-wrapp text-center\">\n\t\t\t<div class=\"wd-compare-img\">\n\t\t\t\t\t\t\t\t<div class=\"wd-after-img\">\n\t\t\t\t\t<img fetchpriority=\"high\" decoding=\"async\" width=\"2560\" height=\"1920\" src=\"https:\/\/gastronova.eu\/wp-content\/uploads\/2025\/11\/IMG_2425-scaled.jpg\" class=\"attachment-full size-full\" alt=\"\" srcset=\"https:\/\/gastronova.eu\/wp-content\/uploads\/2025\/11\/IMG_2425-scaled.jpg 2560w, https:\/\/gastronova.eu\/wp-content\/uploads\/2025\/11\/IMG_2425-400x300.jpg 400w, https:\/\/gastronova.eu\/wp-content\/uploads\/2025\/11\/IMG_2425-1067x800.jpg 1067w, https:\/\/gastronova.eu\/wp-content\/uploads\/2025\/11\/IMG_2425-768x576.jpg 768w, https:\/\/gastronova.eu\/wp-content\/uploads\/2025\/11\/IMG_2425-1536x1152.jpg 1536w, https:\/\/gastronova.eu\/wp-content\/uploads\/2025\/11\/IMG_2425-2048x1536.jpg 2048w, https:\/\/gastronova.eu\/wp-content\/uploads\/2025\/11\/IMG_2425-430x323.jpg 430w, https:\/\/gastronova.eu\/wp-content\/uploads\/2025\/11\/IMG_2425-700x525.jpg 700w, https:\/\/gastronova.eu\/wp-content\/uploads\/2025\/11\/IMG_2425-150x113.jpg 150w\" sizes=\"(max-width: 2560px) 100vw, 2560px\">\t\t\t\t<\/div>\n\t\t\t\t\t\t\t<div class=\"wd-before-img\">\n\t\t\t\t\t<img decoding=\"async\" width=\"1280\" height=\"681\" src=\"https:\/\/gastronova.eu\/wp-content\/uploads\/2025\/11\/Patyzon-9.jpeg\" class=\"attachment-full size-full\" alt=\"\" srcset=\"https:\/\/gastronova.eu\/wp-content\/uploads\/2025\/11\/Patyzon-9.jpeg 1280w, https:\/\/gastronova.eu\/wp-content\/uploads\/2025\/11\/Patyzon-9-400x213.jpeg 400w, https:\/\/gastronova.eu\/wp-content\/uploads\/2025\/11\/Patyzon-9-768x409.jpeg 768w, https:\/\/gastronova.eu\/wp-content\/uploads\/2025\/11\/Patyzon-9-430x229.jpeg 430w, https:\/\/gastronova.eu\/wp-content\/uploads\/2025\/11\/Patyzon-9-700x372.jpeg 700w, https:\/\/gastronova.eu\/wp-content\/uploads\/2025\/11\/Patyzon-9-150x80.jpeg 150w\" sizes=\"(max-width: 1280px) 100vw, 1280px\">\t\t\t\t<\/div>\n\t\t\t\t\t\t\t<div class=\"wd-compare-img-handle\">\n\t\t\t\t\t<span><\/span>\n\t\t\t\t<\/div>\n\t\t\t<\/div>\n\t\t<\/div>\n\t\t\t\t\t\t<\/div>\n\t\t\t\t<\/div>\n\t\t\t\t\t<\/div>\n\t\t\t\t<\/div>\n\t\t\t\t<\/div>\n\t\t","protected":false},"excerpt":{"rendered":"<p>Az Airstream Medium ikonikus megjelen\u00e9st \u00e9s kiemelked\u0151 t\u00e9rbeli k\u00e9nyelmet k\u00edn\u00e1l egyben. 304-es t\u00edpus\u00fa rozsdamentes ac\u00e9lb\u00f3l k\u00e9sz\u00fclt, pr\u00e9mium szigetel\u00e9ssel \u00e9s kivitelez\u00e9ssel rendelkezik. Ez a modell Airstream t\u00edpusunk k\u00f6zepes m\u00e9ret\u0171 v\u00e1ltozata \u2013 az eleg\u00e1ns megjelen\u00e9st funkcion\u00e1lis t\u00e9rrel \u00f6tv\u00f6zi a hat\u00e9kony m\u0171k\u00f6d\u00e9s \u00e9rdek\u00e9ben.  <\/p>\n<p>A Medium modell ide\u00e1lis <b>street foodhoz, bisztr\u00f3khoz, k\u00e1v\u00e9z\u00f3khoz vagy kisebb \u00e9ttermekhez<\/b>, amelyek t\u00f6bb v\u00e1s\u00e1rl\u00f3t szeretn\u00e9nek kiszolg\u00e1lni, de m\u00e9gis meg akarj\u00e1k \u0151rizni a mobilit\u00e1sukat \u00e9s az egyszer\u0171 sz\u00e1ll\u00edthat\u00f3s\u00e1got. T\u00f6bb helyet k\u00edn\u00e1l az alkalmazottaknak, a rakt\u00e1rnak \u00e9s a felszerel\u00e9snek, ezzel n\u00f6velve az \u00e9rt\u00e9kes\u00edt\u00e9s hat\u00e9konys\u00e1g\u00e1t \u00e9s kapacit\u00e1s\u00e1t. <\/p>\n<p>Az Airstream Medium a t\u00f6k\u00e9letes kompromisszum a m\u00e9ret, a teljes\u00edtm\u00e9ny \u00e9s a st\u00edlus k\u00f6z\u00f6tt.<\/p>\n","protected":false},"featured_media":37988,"comment_status":"open","ping_status":"closed","template":"","meta":[],"product_brand":[],"product_cat":[649,571],"product_tag":[],"class_list":{"0":"post-37903","1":"product","2":"type-product","3":"status-publish","4":"has-post-thumbnail","6":"product_cat-eladott-raktari-darabok","7":"product_cat-keszleten","9":"first","10":"instock","11":"sold-individually","12":"shipping-taxable","13":"purchasable","14":"product-type-simple"},"_links":{"self":[{"href":"https:\/\/gastronova.eu\/hu\/wp-json\/wp\/v2\/product\/37903","targetHints":{"allow":["GET"]}}],"collection":[{"href":"https:\/\/gastronova.eu\/hu\/wp-json\/wp\/v2\/product"}],"about":[{"href":"https:\/\/gastronova.eu\/hu\/wp-json\/wp\/v2\/types\/product"}],"replies":[{"embeddable":true,"href":"https:\/\/gastronova.eu\/hu\/wp-json\/wp\/v2\/comments?post=37903"}],"version-history":[{"count":3,"href":"https:\/\/gastronova.eu\/hu\/wp-json\/wp\/v2\/product\/37903\/revisions"}],"predecessor-version":[{"id":40484,"href":"https:\/\/gastronova.eu\/hu\/wp-json\/wp\/v2\/product\/37903\/revisions\/40484"}],"wp:featuredmedia":[{"embeddable":true,"href":"https:\/\/gastronova.eu\/hu\/wp-json\/wp\/v2\/media\/37988"}],"wp:attachment":[{"href":"https:\/\/gastronova.eu\/hu\/wp-json\/wp\/v2\/media?parent=37903"}],"wp:term":[{"taxonomy":"product_brand","embeddable":true,"href":"https:\/\/gastronova.eu\/hu\/wp-json\/wp\/v2\/product_brand?post=37903"},{"taxonomy":"product_cat","embeddable":true,"href":"https:\/\/gastronova.eu\/hu\/wp-json\/wp\/v2\/product_cat?post=37903"},{"taxonomy":"product_tag","embeddable":true,"href":"https:\/\/gastronova.eu\/hu\/wp-json\/wp\/v2\/product_tag?post=37903"}],"curies":[{"name":"wp","href":"https:\/\/api.w.org\/{rel}","templated":true}]}}

Airstream Medium 580 Bővített

<p>Az Airstream Medium ikonikus megjelenést és kiemelkedő térbeli kényelmet kínál egyben. 304-es típusú rozsdamentes acélból készült, prémium szigeteléssel és kivitelezéssel rendelkezik. Ez a modell Airstream típusunk közepes méretű változata – az elegáns megjelenést funkcionális térrel ötvözi a hatékony működés érdekében.  </p>
<p>A Medium modell ideális <b>street foodhoz, bisztrókhoz, kávézókhoz vagy kisebb éttermekhez</b>, amelyek több vásárlót szeretnének kiszolgálni, de mégis meg akarják őrizni a mobilitásukat és az egyszerű szállíthatóságot. Több helyet kínál az alkalmazottaknak, a raktárnak és a felszerelésnek, ezzel növelve az értékesítés hatékonyságát és kapacitását. </p>
<p>Az Airstream Medium a tökéletes kompromisszum a méret, a teljesítmény és a stílus között.</p>
